i - 60 = 0. What are the prime factors of n?
13
Let f = -11 - -13. Suppose o - 9 = -f*g, 3*o - 35 = -2*o - 5*g. List the prime factors of o.
5
Let s(w) = 13*w + 2*w**2 - 5*w + 0*w + 4. Let m be s(-7). Suppose -y - 100 = -5*b, -3*b = -4*b - 5*y + m. What are the prime factors of b?
3, 7
Suppose 3*h - 418 = 5*i, -2*i + 7*i = h - 126. What are the prime factors of h?
2, 73
Suppose 5*y + 5 = 0, -y = -2*w - 3*w + 356. List the prime factors of w.
71
Suppose 4*t + 3*c = t + 9, 0 = -t - 2*c + 1. Let m = -8 + 8. Suppose m*s = t*s - 85. List the prime factors of s.
17
Suppose -6 = -0*h - 3*h. List the prime factors of 0 - (-11)/(h + -1).
11
Suppose -21 = -4*k + 207. What are the prime factors of k?
3, 19
Let n(d) = 93*d**2 - d + 2. What are the prime factors of n(1)?
2, 47
Let d(c) = -2*c - 6. List the prime factors of d(-19).
2
Let i = -14 + 19. What are the prime factors of i?
5
Suppose 0 = a - 0*a - 68. What are the prime factors of a?
2, 17
Let i = 48 - 90. Let j = -28 - i. What are the prime factors of j?
2, 7
Suppose 0 = -s - 0*s + 2. Let h = s + 0. What are the prime factors of h?
2
Suppose -9 = -3*h + 3. Suppose h = f + 3*f. Let z = f + 14. List the prime factors of z.
3, 5
What are the prime factors of 2/8 - 163/(-4)?
41
Let g = 2 - 2. Suppose g = -5*u - 6 + 36. Suppose 4*w = 5*v - 27, 2*v + 4*w + u = -0*v. List the prime factors of v.
3
Let l = -21 + 37. Let a be 1196/l - (-2)/8. Suppose -3*i + 9 = q, 0 = 5*q - 3*i + 12 - a. List the prime factors of q.
2, 3
Let j(m) = 2*m**3 - 36*m**2 + 40. What are the prime factors of j(18)?
2, 5
Suppose 0 = -13*q + 6*q + 1204. What are the prime factors of q?
2, 43
Let i = -6 - -11. Suppose 0*n - i*n = -90. What are the prime factors of n?
2, 3
List the prime factors of 1 + (-12)/(-18)*(-414)/(-4).
2, 5, 7
Let w = 10 - 3. Let u = w + -13. Let k(z) = -z + 2. List the prime factors of k(u).
2
Suppose 5*z - 202 = -32. List the prime factors of z.
2, 17
Suppose 0 = 4*j - 4*t - 896, -222 = -j + 4*t - 2*t. What are the prime factors of j?
2, 113
Let m = 7 - 27. Let n(y) = 4*y - 6. Let l be n(10). Let g = m + l. List the prime factors of g.
2, 7
Suppose -2*y + 2*r + 378 = 0, 4*y + 10*r - 5*r = 756. What are the prime factors of y?
3, 7
List the prime factors of 2 - (0 + -40 + 3).
3, 13
List the prime factors of -4*(2 + (-68)/16).
3
Let i = -1 - -5. Suppose -j - i*j = -25. List the prime factors of j.
5
Suppose -2*p = 0, p = -5*j - p + 10. Suppose 16*o - 15*o = j. What are the prime factors of o?
2
Let d = -3 - -5. Suppose 3*u - 7*u - 48 = -4*l, -d = 2*u. List the prime factors of l.
11
Suppose 4*i - 36 = 2*i. List the prime factors of i.
2, 3
Let a(q) = q**2 - 9*q. What are the prime factors of a(11)?
2, 11
Let w be (-4)/14 - (-96)/(-7). Let u = -5 - w. What are the prime factors of u?
3
Let k(x) = 4*x - 5. List the prime factors of k(6).
19
Suppose -4*x = 3*f - 554, 4*f = -2*x + 54 + 228. List the prime factors of x.
137
Suppose -3*c + 2 + 16 = 0. Let s be ((-9)/c)/3*-2. Let w(m) = 3*m - 1. List the prime factors of w(s).
2
Suppose -4*r + 8*r = -5*a + 10, 2*r - 4*a = 18. Suppose 4*l - r*b - 59 = 0, -3*l = -5*b - 6 - 32. List the prime factors of l.
3, 7
Let a(u) = -u**2 + 8*u - 4. Let s be a(7). Suppose -3*b + 15 = v, s*b - 3*v = -5*v + 12. What are the prime factors of b?
2, 3
Suppose -2*a + 1 = -w, -2*a + 5*a + 1 = -w. Suppose a + 3 = -3*f. Let g(k) = 11*k**2 + 1. What are the prime factors of g(f)?
2, 3
Suppose -6 = -5*h + 54. What are the prime factors of h?
2, 3
Suppose v - 5 = -11. Let m = 0 - v. List the prime factors of m.
2, 3
Suppose -544 = 29*n - 33*n. What are the prime factors of n?
2, 17
Let s = -229 + 392. List the prime factors of s.
163
Suppose -3*w + 80 = 4*d, -9 = -d - 0*d + 2*w. What are the prime factors of d?
17
Suppose 0 = -5*r + 70 + 210. What are the prime factors of r?
2, 7
Let v be 219/5 - (-20)/(-25). Let j = -6 + v. List the prime factors of j.
37
Suppose 2*j = 5*c - 2*c + 41, -4*c = -4*j + 88. Suppose 3*x = -6, 0 = 5*b - x + j - 7. What are the prime factors of (18/(-4))/(2/b)?
3
Suppose -2*l + 15 = -3*v - 4, 5*v + 13 = l. Let f = 10 - l. What are the prime factors of f?
2
Suppose -3*u = -6*u. Suppose u = 4*r + c + 2*c, r + 3*c = 9. What are the prime factors of (-66)/(-9) + (-2)/r?
2
Let k(d) = -d**2 + 3*d + 4. Let f be k(4). Let h(r) be the second derivative of r**4/12 - r**3/6 + 6*r**2 - r. List the prime factors of h(f).
2, 3
Let d(g) = -4*g + 1. Let z be d(-1). Suppose -f - z*x - 8 = 0, -x - 1 = 5*f - 9. Suppose f*c + 35 = 7*c. List the prime factors of c.
7
Let f = -21 - -46. What are the prime factors of f?
5
Suppose 96 = 2*w + 4*w. Let k(n) = n**2 - 14*n + 9. What are the prime factors of k(w)?
41
Let r(f) = -9*f**3 - f**2 - 6*f - 14. Let c(i) = -5*i**3 - 3*i - 7. Let n(l) = 11*c(l) - 6*r(l). Let a be n(6). What are the prime factors of 4/2 - a/(-5)?
7
Let p be (12/10)/3*-25. Let g = p - 4. Let d = -8 - g. List the prime factors of d.
2, 3
Let n = 7 - 7. Suppose n = 5*u - u. Suppose u = 3*z - 45 + 3. What are the prime factors of z?
2, 7
Let p(q) = 2*q**2 + 3*q. Let b be p(-2). Let i be (-4)/6*63/(-2). List the prime factors of (i - 1)*b/5.
2
Suppose 15*h = -276 + 1746. What are the prime factors of h?
2, 7
Let x = -41 + 101. What are the prime factors of x?
2, 3, 5
Suppose 2*m - 12 = 4*m. Let a = m + 32. What are the prime factors of a?
2, 13
List the prime factors of (-95 - -2)/(-3) - 3.
2, 7
Suppose 482 = 3*z - 2*i, -113 = 3*z + 2*i - 591. What are the prime factors of z?
2, 5
Let y(r) = -r - 13. Let c be y(-15). What are the prime factors of (c*-1)/((-3)/12)?
2
Let c be (22/(-4))/(2/(-4)). Suppose -2*u - c = 13. What are the prime factors of (u/15)/(8/(-100))?
2, 5
Let b(s) = -s**3 - 6*s**2 + 4*s - 1. Let p be b(-7). What are the prime factors of (0 + 2)/(8/p)?
5
Suppose -8 = -3*w + 1. List the prime factors of w.
3
Let n(y) = y**3 - y**2 + 50. Suppose 5*x - 8 - 2 = 2*f, -4*f = 20. List the prime factors of n(x).
2, 5
Suppose f = r - 11, -37 = -2*r - f - 0*f. Let p be (r/5)/(2/10). Let o = 24 - p. What are the prime factors of o?
2
Suppose -2*x + 349 = 3*x + 4*i, -3*i = -4*x + 304. List the prime factors of x.
73
Suppose -7*t + 1838 = 242. List the prime factors of t.
2, 3, 19
Let h(j) = -j**2 + j**2 - j**3 + 0*j**2 + 11. What are the prime factors of h(0)?
11
Let i(y) = -4*y - 6. Let u = 7 + -5. Let o be (-14)/3 - u/(-3). List the prime factors of i(o).
2, 5
Suppose -5*y + 4*h + 73 = 0, -9 = -y - 0*h - 2*h. Suppose -y*f + 60 = -8*f. Let a = -1 + f. List the prime factors of a.
11
Suppose 2*m + 4*v + 8 = 0, -2*m + 7 = v - 0*v. Suppose 14 = 2*z - m. Suppose a = -a + z. What are the prime factors of a?
5
Suppose -4*v + 20 = 5*j, -v + 2*j = 3*j - 5. Suppose 3*d + 4*z + 0*z - 40 = 0, 2*z - 76 = -v*d. List the prime factors of d.
2
Let y be (12/15)/(3/15). Suppose -10 - 5 = -3*z. Suppose -z*v + 5 = -y*v. What are the prime factors of v?
5
Let s(t) = t**2 + 6*t + 4. Let c be s(-5). Let m = 20 + c. List the prime factors of m.
19
Let n be (-2 + 1)*3*-1. Let v be (-1 - -8)*(6 - n). What are the prime factors of v/(-6)*(-2)/1?
7
Let i(h) = -4*h**3 - 3*h**2 - 9*h - 6. Let d(s) = 7*s**3 + 7*s**2 + 17*s + 13. Let p(b) = -3*d(b) - 5*i(b). List the prime factors of p(-6).
3
Let i be -45*(-4)/10*1. Let a = i - 14. List the prime factors of a.
2
Let u(k) = k**3 - k - 2. Let f be u(-2). What are the prime factors of (0 + 3)*f/(-8)?
3
Suppose -8 = -4*b - 0*b. Let l = -12 + 11. Let k = b - l. List the prime factors of k.
3
Let b be ((-9)/(-18))/((-2)/(-180)). Suppose -16 = -2*d - 2*n, 2*d + 8*n - 5*n = 20. Suppose b = -x + d*x. List the prime factors of x.
3, 5
Suppose -3*v - 30 = -2*b, 4*v + 60 = 4*b + 3*v. Suppose -4*o = -5*x + b + 10, 5*x = -5*o + 25. What are the prime factors of x?
5
Let k = -6 - -51. List the prime factors of k.
3, 5
Let j = 3 + -2. Let f(t) = -12*t**2 - t + 1. Let l(x) = -x**2 - x. Let m(k) = j*l(k) - f(k). List the prime factors of m(-1).
2, 5
Let l be (36/15 - 2)*-10. Let j = 9 + l. List the prime factors of j.
5
Let a = -3 - -115. What are the prime factors of a?
2, 7
Let g(n) = n**2 - 9*n + 10. Let a be g(7). List the prime factors of 45/2 + (-2)/a.
23
Suppose 5*m = l - 160, 2*l = -2*l. Let h(d) = d**3 - d**2 + d - 1. Let q be h(4). Let y = q + m. List the